{"id":757,"date":"2025-08-31T18:54:29","date_gmt":"2025-08-31T16:54:29","guid":{"rendered":"https:\/\/editionsloublondin.com\/?post_type=product&#038;p=757"},"modified":"2025-09-25T12:08:26","modified_gmt":"2025-09-25T10:08:26","slug":"aime-giron-la-chaise-dieu","status":"publish","type":"product","link":"https:\/\/editionsloublondin.com\/index.php\/produit\/aime-giron-la-chaise-dieu\/","title":{"rendered":"Aim\u00e9 Giron &#8211; La Chaise-Dieu"},"content":{"rendered":"<p>Lors d&#8217;une nuit orageuse de l\u2019an 1510, deux hommes en armure frappent \u00e0 la grande porte de l&#8217;Abbatiale Saint-Robert du village de la Chaise-Dieu. Ils viennent confier \u00e0 l\u2019autel la d\u00e9pouille d&#8217;une jeune femme au soin de ses derniers sacrements. Les moines s&#8217;\u00e9veillent, se regroupent, et font r\u00e9sonner leurs chants fun\u00e9raires sous les vo\u00fbtes immenses.<\/p>\n<p>Le lendemain, un autre inconnu frappe \u00e0 la porte, un jeune sculpteur flamand, accueilli alors par l&#8217;abb\u00e9 Jacques de Saint-Nectaire. Le myst\u00e9rieux artiste commence d\u00e8s-lors, d\u00e9votement, \u00e0 sculpter le tombeau de l&#8217;inconnue, comme si sa propre vie en d\u00e9pendait\u2026<\/p>\n<p>Si cette nouvelle d&#8217;Aim\u00e9 Giron ne brille pas par son originalit\u00e9, il faut en reconna\u00eetre la qualit\u00e9 d&#8217;ex\u00e9cution : l&#8217;atmosph\u00e8re gothique parfaitement rendue, et surtout les descriptions tr\u00e8s d\u00e9taill\u00e9es, souvent fantaisistes dans la perspective d&#8217;une reconstruction litt\u00e9raire assum\u00e9e, des boiseries sculpt\u00e9es de l&#8217;Abbatiale Saint-Robert. Ce texte ravira surtout les connaisseurs de la Chaise-Dieu, qui pourront y voir ce village sous un nouveau jour \u4e00 ou sous une nouvelle nuit.<\/p>\n","protected":false},"excerpt":{"rendered":"<p style=\"text-align: center;\"><strong>NOUVELLE MYST\u00c9RIEUSE<\/strong><\/p>\n<p>&nbsp;<\/p>\n<p style=\"text-align: justify;\">Aim\u00e9 Giron est un \u00e9crivain velaisien. La Chaise-Dieu, \u00ab nouvelle myst\u00e9rieuse \u00bb en deux chapitres, raconte l\u2019\u00e9trange histoire d\u2019un jeune sculpteur accueilli par les moines de l\u2019Abbaye casad\u00e9enne, et tentant de cacher l\u2019obscur secret qui le fait tant souffrir.<\/p>\n<p style=\"text-align: justify;\">Pour expier son p\u00e9ch\u00e9 ou sanctifier sa vertu, il entame alors l\u2019\u0153uvre de sa vie : les boiseries de l\u2019abbatiale Saint-Robert.<\/p>\n<p style=\"text-align: justify;\">Le pittoresque d\u2019Aim\u00e9 Giron, assist\u00e9 de son grand sens du d\u00e9tail, donnent \u00e0 voir une toute nouvelle interpr\u00e9tation des d\u00e9corations de cet \u00e9difice presque mill\u00e9naire.<\/p>\n","protected":false},"featured_media":758,"template":"","meta":{"kt_blocks_editor_width":""},"product_brand":[],"product_cat":[19,22,16,25],"product_tag":[],"class_list":{"0":"post-757","1":"product","2":"type-product","3":"status-publish","4":"has-post-thumbnail","6":"product_cat-catalogue","7":"product_cat-livres","8":"product_cat-non-classe","9":"product_cat-voir-tout","11":"first","12":"instock","13":"taxable","14":"shipping-taxable","15":"purchasable","16":"product-type-simple"},"_links":{"self":[{"href":"https:\/\/editionsloublondin.com\/index.php\/wp-json\/wp\/v2\/product\/757","targetHints":{"allow":["GET"]}}],"collection":[{"href":"https:\/\/editionsloublondin.com\/index.php\/wp-json\/wp\/v2\/product"}],"about":[{"href":"https:\/\/editionsloublondin.com\/index.php\/wp-json\/wp\/v2\/types\/product"}],"wp:featuredmedia":[{"embeddable":true,"href":"https:\/\/editionsloublondin.com\/index.php\/wp-json\/wp\/v2\/media\/758"}],"wp:attachment":[{"href":"https:\/\/editionsloublondin.com\/index.php\/wp-json\/wp\/v2\/media?parent=757"}],"wp:term":[{"taxonomy":"product_brand","embeddable":true,"href":"https:\/\/editionsloublondin.com\/index.php\/wp-json\/wp\/v2\/product_brand?post=757"},{"taxonomy":"product_cat","embeddable":true,"href":"https:\/\/editionsloublondin.com\/index.php\/wp-json\/wp\/v2\/product_cat?post=757"},{"taxonomy":"product_tag","embeddable":true,"href":"https:\/\/editionsloublondin.com\/index.php\/wp-json\/wp\/v2\/product_tag?post=757"}],"curies":[{"name":"wp","href":"https:\/\/api.w.org\/{rel}","templated":true}]}}