{"id":508,"date":"2021-04-05T15:10:15","date_gmt":"2021-04-05T13:10:15","guid":{"rendered":"http:\/\/editionsloublondin.com\/?post_type=product&#038;p=508"},"modified":"2025-09-25T11:57:38","modified_gmt":"2025-09-25T09:57:38","slug":"paul-adam-le-conte-futur","status":"publish","type":"product","link":"https:\/\/editionsloublondin.com\/index.php\/produit\/paul-adam-le-conte-futur\/","title":{"rendered":"Paul Adam &#8211; Le Conte futur"},"content":{"rendered":"<p style=\"text-align: justify;\"><em>Le Conte futur <\/em>(1893) est une tentative de lien entre anarchisme, mystique chr\u00e9tienne et symbolisme litt\u00e9raire. Apologie du martyr, tableau d\u00e9licat et terrifiant de la guerre et de sa mis\u00e8re, r\u00e9cit de d\u00e9sir, d&#8217;Amour ; cette \u00e9trange nouvelle est caract\u00e9ristique de l&#8217;inventivit\u00e9 litt\u00e9raire et politique de la fin du XIX<sup>e<\/sup> si\u00e8cle. Une inventivit\u00e9 dont nous manquons cruellement aujourd&#8217;hui, et dont les repr\u00e9sentations les plus d\u00e9routantes ne peuvent que nous faire cro\u00eetre.<\/p>\n<p style=\"text-align: justify;\">Nous faisons suivre ce texte de <em>L\u2019\u00c9loge de Ravachol,<\/em> sanctification du c\u00e9l\u00e8bre terroriste anarchiste, autre martyr de l&#8217;Amour selon Paul Adam, qui d\u00e9veloppe \u00e0 cette occasion une esth\u00e9tique anarcho-christique occulte assez audacieuse. La nouvelle \u00e9dition de 2025 int\u00e8gre \u00e9galement un autre texte issu du m\u00eame recueil, les <em>Invectives au Mendiant<\/em>, sorte d&#8217;apologie du meurtre archi-condescendante, qui a l&#8217;immense qualit\u00e9 de pouvoir offenser tout le monde.<\/p>\n<p style=\"text-align: justify;\">Paul Adam est un type bizarre, douteux, et tr\u00e8s int\u00e9ressant pour l&#8217;image qu&#8217;il donne de lui-m\u00eame et des \u00e9crivains de son \u00e9poque. Une ample introduction biographique permettra aux lecteurs les moins initi\u00e9s aux d\u00e9tails de cette p\u00e9riode de saisir les enjeux des ann\u00e9es 1880-90, et les raisons qui purent amener \u00e0 des rapprochements aussi t\u00e9m\u00e9raires.<\/p>\n<p style=\"text-align: justify;\">L&#8217;ouvrage est illustr\u00e9 de gravures de F\u00e9lix Vallotton s\u00e9lectionn\u00e9es par nos soins.<\/p>\n<p>&nbsp;<\/p>\n","protected":false},"excerpt":{"rendered":"<p style=\"text-align: center;\"><strong>SUIVI DE<br \/>\n\u00c9LOGE DE RAVACHOL &amp; INVECTIVES AU MENDIANT<\/strong><\/p>\n<p>&nbsp;<\/p>\n<p>Paul Adam est l&#8217;un de ces personnages insaisissables de l&#8217;histoire litt\u00e9raire : po\u00e8te symboliste, anarchiste mystique et romancier nationaliste, uniquement \u00e9pargn\u00e9 de l&#8217;oubli pour la fameuse apologie qu&#8217;il donna du terroriste Ravachol, l&#8217;ann\u00e9e de son ex\u00e9cution.<\/p>\n<p style=\"text-align: justify;\"><em>Le Conte Futur<\/em>, \u00e9crit \u00e0 la m\u00eame p\u00e9riode, reprend et d\u00e9veloppe les th\u00e8mes de l\u2019<em>\u00c9loge<\/em> : une mystique martyrologique port\u00e9e sur la Force et la Gloire, dans un style tr\u00e8s mani\u00e9r\u00e9, occulte, typique des \u00e9coles d&#8217;avant-garde de la fin du XIX<sup>e<\/sup> si\u00e8cle.<\/p>\n<p style=\"text-align: justify;\">Ou comment la figure du terroriste rencontre celle du Christ, de l\u2019arri\u00e8re-garde celle des d\u00e9mons, de l\u2019assassin celle du martyr. Une mal-pensance qui, on l\u2019esp\u00e8re, remuera la bonne morale de droite ou de gauche de chaque lecteur.<\/p>\n<p style=\"text-align: justify;\">La pr\u00e9sente \u00e9dition est pr\u00e9c\u00e9d\u00e9e d\u2019une note biographique d\u00e9taillant les \u00e9tranges soubresauts politiques de cette fin-de-si\u00e8cle impossible.<\/p>\n","protected":false},"featured_media":768,"template":"","meta":{"kt_blocks_editor_width":""},"product_brand":[],"product_cat":[19,22,25],"product_tag":[],"class_list":{"0":"post-508","1":"product","2":"type-product","3":"status-publish","4":"has-post-thumbnail","6":"product_cat-catalogue","7":"product_cat-livres","8":"product_cat-voir-tout","10":"first","11":"instock","12":"taxable","13":"shipping-taxable","14":"purchasable","15":"product-type-simple"},"_links":{"self":[{"href":"https:\/\/editionsloublondin.com\/index.php\/wp-json\/wp\/v2\/product\/508","targetHints":{"allow":["GET"]}}],"collection":[{"href":"https:\/\/editionsloublondin.com\/index.php\/wp-json\/wp\/v2\/product"}],"about":[{"href":"https:\/\/editionsloublondin.com\/index.php\/wp-json\/wp\/v2\/types\/product"}],"wp:featuredmedia":[{"embeddable":true,"href":"https:\/\/editionsloublondin.com\/index.php\/wp-json\/wp\/v2\/media\/768"}],"wp:attachment":[{"href":"https:\/\/editionsloublondin.com\/index.php\/wp-json\/wp\/v2\/media?parent=508"}],"wp:term":[{"taxonomy":"product_brand","embeddable":true,"href":"https:\/\/editionsloublondin.com\/index.php\/wp-json\/wp\/v2\/product_brand?post=508"},{"taxonomy":"product_cat","embeddable":true,"href":"https:\/\/editionsloublondin.com\/index.php\/wp-json\/wp\/v2\/product_cat?post=508"},{"taxonomy":"product_tag","embeddable":true,"href":"https:\/\/editionsloublondin.com\/index.php\/wp-json\/wp\/v2\/product_tag?post=508"}],"curies":[{"name":"wp","href":"https:\/\/api.w.org\/{rel}","templated":true}]}}