{"id":506,"date":"2021-04-05T15:05:23","date_gmt":"2021-04-05T13:05:23","guid":{"rendered":"http:\/\/editionsloublondin.com\/?post_type=product&#038;p=506"},"modified":"2025-09-25T11:58:34","modified_gmt":"2025-09-25T09:58:34","slug":"lacenaire-pourquoi-nai-je-pas-pu-aimer-tout-le-monde","status":"publish","type":"product","link":"https:\/\/editionsloublondin.com\/index.php\/produit\/lacenaire-pourquoi-nai-je-pas-pu-aimer-tout-le-monde\/","title":{"rendered":"Lacenaire &#8211; Pourquoi n&#8217;ai-je pas pu aimer tout le monde ?"},"content":{"rendered":"","protected":false},"excerpt":{"rendered":"<p>&nbsp;<\/p>\n<p style=\"text-align: justify;\">Po\u00e8te et assassin, Pierre Fran\u00e7ois Lacenaire est un Don Quichotte du crime, rocambolesque escroc et cambrioleur maladroit. Cet extrait de ses <em>M\u00e9moires<\/em>, que nous intitulons <em>Pourquoi n\u2019ai-je pas pu aimer tout le monde ? <\/em>\u00a0a \u00e9t\u00e9 \u00e9crit le jour m\u00eame de sa condamnation \u00e0 mort. R\u00e9quisitoire contre une soci\u00e9t\u00e9 inique qui n&#8217;offre que le crime comme alternative \u00e0 la mis\u00e8re, c\u2019est l&#8217;appel \u00e0 la Justice d&#8217;un r\u00e9fractaire qui d\u00e9cida de faire la sienne lui-m\u00eame.<\/p>\n<p>&nbsp;<\/p>\n<p>&nbsp;<\/p>\n","protected":false},"featured_media":929,"template":"","meta":{"kt_blocks_editor_width":""},"product_brand":[],"product_cat":[19,22,25],"product_tag":[],"class_list":{"0":"post-506","1":"product","2":"type-product","3":"status-publish","4":"has-post-thumbnail","6":"product_cat-catalogue","7":"product_cat-livres","8":"product_cat-voir-tout","10":"first","11":"instock","12":"taxable","13":"shipping-taxable","14":"purchasable","15":"product-type-simple"},"_links":{"self":[{"href":"https:\/\/editionsloublondin.com\/index.php\/wp-json\/wp\/v2\/product\/506","targetHints":{"allow":["GET"]}}],"collection":[{"href":"https:\/\/editionsloublondin.com\/index.php\/wp-json\/wp\/v2\/product"}],"about":[{"href":"https:\/\/editionsloublondin.com\/index.php\/wp-json\/wp\/v2\/types\/product"}],"wp:featuredmedia":[{"embeddable":true,"href":"https:\/\/editionsloublondin.com\/index.php\/wp-json\/wp\/v2\/media\/929"}],"wp:attachment":[{"href":"https:\/\/editionsloublondin.com\/index.php\/wp-json\/wp\/v2\/media?parent=506"}],"wp:term":[{"taxonomy":"product_brand","embeddable":true,"href":"https:\/\/editionsloublondin.com\/index.php\/wp-json\/wp\/v2\/product_brand?post=506"},{"taxonomy":"product_cat","embeddable":true,"href":"https:\/\/editionsloublondin.com\/index.php\/wp-json\/wp\/v2\/product_cat?post=506"},{"taxonomy":"product_tag","embeddable":true,"href":"https:\/\/editionsloublondin.com\/index.php\/wp-json\/wp\/v2\/product_tag?post=506"}],"curies":[{"name":"wp","href":"https:\/\/api.w.org\/{rel}","templated":true}]}}