{"id":499,"date":"2021-04-05T14:56:27","date_gmt":"2021-04-05T12:56:27","guid":{"rendered":"http:\/\/editionsloublondin.com\/?post_type=product&#038;p=499"},"modified":"2025-09-25T11:59:01","modified_gmt":"2025-09-25T09:59:01","slug":"antonin-artaud-lettre-sur-lautreamont","status":"publish","type":"product","link":"https:\/\/editionsloublondin.com\/index.php\/produit\/antonin-artaud-lettre-sur-lautreamont\/","title":{"rendered":"Antonin Artaud &#8211; Lettre sur Lautr\u00e9amont"},"content":{"rendered":"","protected":false},"excerpt":{"rendered":"<p style=\"text-align: center;\"><strong>PR\u00c9C\u00c9D\u00c9 DE LETTRES <em>DE<\/em> LAUTR\u00c9AMONT<\/strong><\/p>\n<p>&nbsp;<\/p>\n<p style=\"text-align: justify;\">Ou comment Lautr\u00e9amont fut poss\u00e9d\u00e9, ali\u00e9n\u00e9 et suicid\u00e9. Artaud, \u00e0 la fois magistralement mystique et factuel, saisit la destin\u00e9e d\u2019un artiste, sa fonction ancestrale de bouc \u00e9missaire, et la d\u00e9g\u00e9n\u00e9rescence de cette fonction dans le monde moderne.<\/p>\n<p>Nouvelle \u00e9dition, augment\u00e9e de deux lettres d\u2019Isidore Ducasse.<b><br \/>\n<\/b><\/p>\n<p>&nbsp;<\/p>\n<h6><\/h6>\n<p>&nbsp;<\/p>\n<p>&nbsp;<\/p>\n","protected":false},"featured_media":930,"template":"","meta":{"kt_blocks_editor_width":""},"product_brand":[],"product_cat":[19,22,25],"product_tag":[],"class_list":{"0":"post-499","1":"product","2":"type-product","3":"status-publish","4":"has-post-thumbnail","6":"product_cat-catalogue","7":"product_cat-livres","8":"product_cat-voir-tout","10":"first","11":"instock","12":"taxable","13":"shipping-taxable","14":"purchasable","15":"product-type-simple"},"_links":{"self":[{"href":"https:\/\/editionsloublondin.com\/index.php\/wp-json\/wp\/v2\/product\/499","targetHints":{"allow":["GET"]}}],"collection":[{"href":"https:\/\/editionsloublondin.com\/index.php\/wp-json\/wp\/v2\/product"}],"about":[{"href":"https:\/\/editionsloublondin.com\/index.php\/wp-json\/wp\/v2\/types\/product"}],"wp:featuredmedia":[{"embeddable":true,"href":"https:\/\/editionsloublondin.com\/index.php\/wp-json\/wp\/v2\/media\/930"}],"wp:attachment":[{"href":"https:\/\/editionsloublondin.com\/index.php\/wp-json\/wp\/v2\/media?parent=499"}],"wp:term":[{"taxonomy":"product_brand","embeddable":true,"href":"https:\/\/editionsloublondin.com\/index.php\/wp-json\/wp\/v2\/product_brand?post=499"},{"taxonomy":"product_cat","embeddable":true,"href":"https:\/\/editionsloublondin.com\/index.php\/wp-json\/wp\/v2\/product_cat?post=499"},{"taxonomy":"product_tag","embeddable":true,"href":"https:\/\/editionsloublondin.com\/index.php\/wp-json\/wp\/v2\/product_tag?post=499"}],"curies":[{"name":"wp","href":"https:\/\/api.w.org\/{rel}","templated":true}]}}